00110
In base 11, what is 1 + -121?
-120
In base 9, what is -14 - -3?
-11
In base 7, what is -3 - -133?
130
In base 5, what is -22 - -320?
243
In base 8, what is 4 - -2730?
2734
In base 2, what is 101 - 100100?
-11111
In base 16, what is -4 + -100?
-104
In base 6, what is -2502 - -2?
-2500
In base 10, what is 13828 + -3?
13825
In base 14, what is d + -b?
2
In base 8, what is -3 + 1560?
1555
In base 16, what is 0 - 11?
-11
In base 8, what is 5 + -30?
-23
In base 14, what is 344 + -4?
340
In base 15, what is 6 + 601?
607
In base 3, what is 12 + 200021?
200110
In base 11, what is -88 + 14?
-74
In base 2, what is -1011 + 111?
-100
In base 9, what is 5231 - 5?
5225
In base 11, what is 328 + -4?
324
In base 3, what is 11 - -111112?
111200
In base 11, what is 14 - 16?
-2
In base 7, what is 5 + 130?
135
In base 14, what is a + -120?
-114
In base 14, what is -4 - -2b?
27
In base 4, what is 113320 - 1?
113313
In base 8, what is -33 + 106?
53
In base 14, what is 5 + 896?
89b
In base 14, what is 3 + 16?
19
In base 2, what is -1010000011 - -11?
-1010000000
In base 14, what is 5 - -1145?
114a
In base 13, what is 22 - -126?
148
In base 16, what is 5 + -3?
2
In base 15, what is -5 - -627?
622
In base 9, what is -101 - 5?
-106
In base 6, what is 1454 + -4?
1450
In base 13, what is -4 - -350?
349
In base 6, what is 143451 + -2?
143445
In base 15, what is cd - -24?
102
In base 8, what is -5 + -2404?
-2411
In base 2, what is 100010101 - -100?
100011001
In base 15, what is 7 + 6?
d
In base 5, what is -10 - 13?
-23
In base 11, what is 258 + -5?
253
In base 8, what is -2 + -155?
-157
In base 15, what is 3 + -16a?
-167
In base 5, what is -14041 + 1?
-14040
In base 6, what is -21 - 223?
-244
In base 10, what is -1945 - 4?
-1949
In base 6, what is -555 - 4?
-1003
In base 7, what is 0 - 40?
-40
In base 14, what is 9b - -7?
a4
In base 11, what is -5 + -47?
-51
In base 4, what is -20333 - 0?
-20333
In base 3, what is 111122 + -10?
111112
In base 11, what is 75 + -2?
73
In base 4, what is -11 + -2333?
-3010
In base 8, what is 4 - 334?
-330
In base 8, what is -6041 - 5?
-6046
In base 15, what is 4 + -cae?
-caa
In base 9, what is -68 + 6?
-62
In base 6, what is -13 + -2413?
-2430
In base 6, what is -11415 - 20?
-11435
In base 7, what is 36462 + -1?
36461
In base 9, what is -4113 - -2?
-4111
In base 14, what is -6 + 2c8?
2c2
In base 14, what is -5 + -156?
-15b
In base 9, what is -158 + 4?
-154
In base 8, what is 1 - 104?
-103
In base 3, what is 212221 - 11?
212210
In base 7, what is -25 - -1006?
651
In base 15, what is -231 - -5?
-22b
In base 13, what is 224 + -15?
20c
In base 16, what is -a7 + -9?
-b0
In base 16, what is -c4 - 3?
-c7
In base 12, what is 4 + -1452?
-144a
In base 9, what is 13 + -561?
-547
In base 7, what is 3 + 144?
150
In base 8, what is -43 - 137?
-202
In base 7, what is -3 + 644?
641
In base 3, what is 22 + -12?
10
In base 13, what is 15 - -18?
30
In base 4, what is 2110 + 110?
2220
In base 11, what is 6 + -2?
4
In base 6, what is 3 + 102?
105
In base 10, what is 374 + -36?
338
In base 4, what is -210200 + 0?
-210200
In base 9, what is -10713 - -2?
-10711
In base 13, what is -2 + -112?
-114
In base 3, what is -1120100 - 12?
-1120112
In base 7, what is -5 - 12?
-20
In base 6, what is -12 - 322?
-334
In base 12, what is 24 - 21?
3
In base 14, what is -1008 - -3?
-1005
In base 6, what is 2 + 1354?
1400
In base 4, what is 212011 - -11?
212022
In base 7, what is 141225 - 1?
141224
In base 7, what is -554 + -5?
-562
In base 11, what is -2 - 193?
-195
In base 2, what is -1 - 11110101001?
-11110101010
In base 6, what is 54 + -2103?
-2005
In base 5, what is 0 - -10111?
10111
In base 7, what is -2 + 155?
153
In base 10, what is 7678 + -4?
7674
In base 10, what is 2037 - 8?
2029
In base 4, what is 1212 + -31?
1121
In base 6, what is -25 + -20?
-45
In base 6, what is -21 - 343?
-404
In base 15, what is 7 + -1?
6
In base 13, what is -145 - -6?
-13c
In base 12, what is 3a9 - 0?
3a9
In base 2, what is -1001110 - -1101111?
100001
In base 2, what is -101100000 + 100?
-101011100
In base 5, what is -1 - 304?
-310
In base 12, what is 0 - 6a8?
-6a8
In base 16, what is -1 + 43e?
43d
In base 10, what is 4 - 69?
-65
In base 11, what is 28 - 3a?
-12
In base 6, what is 2 + -242?
-240
In base 9, what is 3 - -1043?
1046
In base 8, what is -1215 + 0?
-1215
In base 16, what is -2cc - 8?
-2d4
In base 9, what is -3 + -431?
-434
In base 5, what is -24 + -41?
-120
In base 14, what is -516 + -2?
-518
In base 7, what is 123 + -624?
-501
In base 4, what is 111232 - -2?
111300
In base 14, what is -3 + -1?
-4
In base 6, what is 53 - 21?
32
In base 4, what is -1 + 1021?
1020
In base 14, what is 9 + -14?
-9
In base 13, what is -94 - 4?
-98
In base 11, what is 115a8 + -2?
115a6
In base 16, what is 4 + -3c1?
-3bd
In base 8, what is 42 + -54?
-12
In base 14, what is -12 - 49?
-5b
In base 11, what is 84 - 1?
83
In base 10, what is -1 + 31?
30
In base 15, what is 347 + 1?
348
In base 16, what is -4 + -f5?
-f9
In base 16, what is 1e6b + -4?
1e67
In base 3, what is -101 + -20200?
-21001
In base 5, what is -10 + 11224?
11214
In base 13, what is -20c - 4?
-213
In base 4, what is -10 + -1031?
-1101
In base 6, what is 210 - 21?
145
In base 16, what is 2b - 11?
1a
In base 11, what is 663 + 5?
668
In base 4, what is 1 - -100?
101
In base 9, what is -13153 - 0?
-13153
In base 3, what is -122012 + -2?
-122021
In base 13, what is -14 + 25?
11
In base 14, what is -23d + -1?
-240
In base 14, what is 6 + 196?
19c
In base 13, what is 168 - -1?
169
In base 5, what is -1 - -30?
24
In base 2, what is 111101001 + -101?
111100100
In base 9, what is -170 + 11?
-158
In base 12, what is -7 + -70a?
-715
In base 12, what is -16 - 2?
-18
In base 16, what is 456 - 5?
451
In base 4, what is 3220 + 0?
3220
In base 9, what is 10 - -318?
328
In base 9, what is 32 + -11?
21
In base 9, what is -7 + -142?
-150
In base 4, what is -1111012 - -10?
-1111002
In base 11, what is 48 + -49?
-1
In base 11, what is -14439 + -4?
-14442
In base 4, what is -3123 + 300?
-2223
In base 10, what is 38 - -6?
44
In base 16, what is -4 - -33?
2f
In base 10, what is 159 - 48?
111
In base 12, what is -29 - -205?
198
In base 14, what is -d0 - 2?
-d2
In base 16, what is 9 + -30?
-27
In base 5, what is 4 + 1132?
1141
In base 9, what is -4208 + -2?
-4211
In base 6, what is 4 + 22225?
22233
In base 13, what is 12 - 607?
-5c5
In base 16, what is 3f - 18?
27
In base 16, what is 1a + 1?
1b
In base 3, what is -12 - -1100000?
1022211
In base 16, what is -194 + 6?
-18e
In base 10, what is 6 + 11?
17
In base 7, what is 1426 - 2?
1424
In base 11, what is -4 - 64?
-68
In base 16, what is a9 - -59?
102
In base 16, what is bc0 - -2?
bc2
In base 5, what is 1 - 30321?
-30320
In base 8, what is -6 + -155?
-163
In base 8, what is 21 + -624?
-603
In base 3, what is 12 - -1010021?
1010110
In base 7, what is 2044 - -4?
2051
In base 7, what is 1045 - -15?
1063
In base 11, what is -2 + -48?
-4a
In base 16, what is -1e - -e?
-10
In base 14, what is 1471 - -4?
1475
In base 9, what is 5 + 7?
13
In base 14, what is -31 - 3?
-34
In base 14, what is 7 + 36?
3d
In base 6, what is 5 - -2201?
2210
In base 12, what is 1 + -64?
-63
In base 2, what is -1111000 - 0?
-1111000
In base 10, what is 3 - -38?
41
In base 9, what is 8 + -30?
-21
In base 16, what is -140 - 5?
-145
In base 6, what is 43 + -35?
4
In base 14, what is -1 + 163?
162
In base 2, what is 11110100 - -11?
11110111
In base 7, what is -116 - -5?
-111
In base 9, what is -3 - -62?
58
In base 7, what is -101 + 3?
-65
In base 14, what is -1 - -172c?
172b
In base 15, what is -4 + 27?
23
In base 15, what is 4 + 29d?
2a2
In base 4, what is -3122 - -10?
-3112
In base 15, what is 27 + -1c0?
-198
In base 2, what is 0 - -11001110?
11001110
In base 7, what is 3 - 26?
-23
In base 13, what is -8 - a?
-15
In base 10, what is -65 + 1?
-64
In base 12, what is 2 + -56?
-54
In base 3, what is 12 + 11100?
11112
In base 9, what is -1201 + -3?
-1204
In base 6, what is 4 + 124?
132
In base 2, what is 0 - 1010101?
-1010101
In base 5, what is 3 - -1123?
1131
In base 8, what is -2 + -14572?
-14574
In base 4, what is 203 - -1110?
1313
In base 14, what is -112 + 1?
-111
In base 12, what is 39 - -33?
70
In base 8, what is -33 + -13?
-46
In base 13, what 